(u) = -19*u - 1. Let p(g) = 22*g + 3. Let c(o) = 7*n(o) + 6*p(o). Determine c(j).
1
Let d = -557 - -556. Let p(y) = 18*y**2 + 2*y + 3. Give p(d).
19
Let x(n) = 70 + 70 - 151 - 2*n. Suppose -4*w + 4*g - 48 = 8*g, 3*w - 3*g + 6 = 0. What is x(w)?
3
Let f(d) = -140*d - 13434. Let h be f(-96). Let b(a) be the third derivative of -a**5/60 + 7*a**4/24 - a**3 + 2*a**2. Calculate b(h).
0
Let r(z) be the second derivative of z**4/2 - z**2 + 4475*z - 3. Suppose 2*t - 10 = -3*t. Give r(t).
22
Let a(i) = -i**2 - 6*i + 4. Let h(v) = -v**2 + 3*v + 32. Let t(u) = -u**3 - 5*u**2 - 6*u - 13. Let w be t(-4). Let g be h(w). Give a(g).
-12
Let j(t) be the third derivative of 1/6*t**3 - 1/15*t**6 - 1/24*t**4 + 102*t**2 + 0*t + 0 + 1/60*t**5. Determine j(1).
-7
Suppose 191*n - 30*n - 448 = -63*n. Let l(x) = -8*x**2 + 7*x**2 - 4*x + 5*x. Determine l(n).
-2
Let b(l) = -6*l - 8. Let u be 0 - (-3 + 4)*2. Let t be b(u). Suppose 5*g = 7*g - t. Let w(o) = -2*o**3 + o**2 - o. Determine w(g).
-14
Let q(v) = -v**3 + 2*v**2 + v + 4. Let y be (2/4)/((-5)/(-110)). Suppose 15*o = -y + 56. What is q(o)?
-2
Let f(w) be the second derivative of -w**4/12 - w**3/6 + 10*w**2 - 8375*w. Suppose 0 = 2*m - 3*a + 15, 0 = 3*m - 2*m + 2*a - 10. Give f(m).
20
Let r be (8/(-18))/(2/6)*-6. Let i(l) = 9*l**2 - 5 - r*l**2 + 1 - 9*l. Calculate i(9).
-4
Let d be (1 - 2 - 1) + 1441/131. Let m(x) = x - 31. What is m(d)?
-22
Let z(r) = r**3 - 5*r**2 - r + 4. Let b = 131 + -128. Let t be (-8)/(-5)*b*5/6. What is z(t)?
-16
Let w(z) = -z**3 - 5*z**2 - 3*z - 9. Let c(g) = 1777*g - 6. Let x be c(0). Give w(x).
45
Let z(i) = i + 8. Suppose 7*f + 11 = 46. Suppose f*q - 27 = -p, p + 9 = -2*q + 3*q. Suppose 6*g = g + q*g. Give z(g).
8
Suppose 2441 - 2597 = -26*l. Let k(u) = -u**3 + 4*u**2 + 17*u - 43. Determine k(l).
-13
Let o = -30 + 32. Suppose -o = -2*s + 4. Let v(i) = 66*i**2 + 2 + i**3 - 69*i**2 - 4. What is v(s)?
-2
Suppose 2*x + 0 + 6 = 0, -2*s + 31 = -3*x. Let j(p) = -3*p + 24*p**3 + p - s*p**3 + p. Determine j(-1).
-12
Let x = 6 - 10. Let n(a) = -15*a + 1. Suppose 25*m = 98*m - 292. Let d(k) = 7*k. Let i(v) = m*n(v) + 9*d(v). Determine i(x).
-8
Let w(g) be the third derivative of 0 - 1/3*g**3 - 1/30*g**5 + 50*g**2 + 0*g + 0*g**4. Determine w(2).
-10
Let v(i) be the first derivative of -17*i**2/2 + 360*i - 4049. Calculate v(21).
3
Let h(k) = k**3 - 8*k**2 - 7*k - 12. Let p(s) = -s**3 + s**2 - 11*s + 27. Let f be p(2). Let r(z) = 13*z**2 - 8*z + 4. Let b be r(f). Determine h(b).
6
Let h(g) = -2*g**2 + 10*g**2 + 5*g**3 - 5*g**2 + 9 + 850*g - 844*g - 4*g**3. Determine h(-3).
-9
Let v = 165 - 267. Let b = -104 - v. Let a(m) be the third derivative of m**6/60 + m**5/20 + m**4/8 + m**3/6 + 5*m**2. Give a(b).
-9
Let k(y) = -y**3 + 16*y**2 - 27*y - 13. Let o be k(14). Let x(n) = -4*n**2 + 12*n - 13. Let t be x(o). Let w(q) = 5*q - 3 + 0 + q**2 + 4. Calculate w(t).
1
Suppose -i = 4*g - 180 + 234, 0 = -3*i + 18. Let c(n) = n**2 + 14*n - 10. Calculate c(g).
5
Let u be (-24)/(-42)*875/(-50). Let z(b) = b**3 + 9*b**2 - 14*b - 41. Determine z(u).
-1
Let o(t) be the second derivative of -3*t**3 + 188*t**2 + 8472*t. Determine o(21).
-2
Let s(f) = f**3 - 4*f**2 - f + 5. Suppose 154*w = 156*w - 4. Suppose w*j - 5 = r + 1, 4*j - r - 14 = 0. Give s(j).
1
Let f(a) = -8*a**3 + 15*a**2 - 11*a + 2. Let i(x) = 50*x - 19*x + 2 - 26*x - 7*x**2 - 3 + 4*x**3. Let b(l) = 6*f(l) + 13*i(l). Calculate b(-1).
-5
Let g(u) = 3*u - 103. Suppose -26*b - 25362 + 26298 = 0. Determine g(b).
5
Let n(t) = t + 2. Suppose -101 = -3*w - 5*k, -k + 179 - 33 = 4*w. Let v be 0 - (0 + 2) - 38. Let m = w + v. What is n(m)?
-1
Let l(q) = -q**3 + 12*q**2 - 14*q - 13. Let d be l(8). Let f(x) = d + 4*x**2 - 128 - 8*x - 3*x**2. Calculate f(6).
-9
Let w = -146785 - -146777. Let c(v) = -19 - 2*v + v + 0*v. Give c(w).
-11
Let j be 21/(-3) - (-2 - 0)*-1. Let v be (-376)/(-72) + 2/j. Let w(k) = k**3 - 6*k**2 + 4*k + 1. Determine w(v).
-4
Let l = -9 + 0. Let k(p) = -19*p - 35. Let q(a) = -46*a - 88. Let c(z) = 12*k(z) - 5*q(z). Give c(l).
2
Let i(q) = 9*q**2 + 10*q - 20. Let h(x) = -2*x**2 - 4*x + 3. Let r(w) = -4*h(w) - i(w). Give r(7).
1
Let a = 214 + -214. Suppose a = 3*o + 15, 4*x + 20 = -o - 3*o. Let w(t) = t**3 + t**2 + t + 14. Determine w(x).
14
Let z(r) = -r + 2. Let u be 2/(-3)*2193/(-34). Suppose -41 = -14*i + u. Calculate z(i).
-4
Let z(p) = -p**3 - 6*p**2 + 8*p + 3. Let t be z(-7). Let l(b) be the third derivative of -b**6/120 - b**5/12 - b**4/6 - 2*b**3/3 - 37*b**2 - 3*b - 2. Give l(t).
-4
Let p(z) be the first derivative of -z**4/4 - 8*z**3/3 - 5*z**2/2 - 7*z + 1551. Determine p(-6).
-49
Let d(m) = -m + 16. Let x = -10787 - -10806. What is d(x)?
-3
Let d(v) = -4*v + 11307 + v**3 + 13*v**2 - 22649 + 11293. What is d(-13)?
3
Let b(x) = 2*x**2 + 9*x - 3. Let r(a) = 3*a**2 + 2. Let q(n) = -b(n) + 2*r(n). Give q(3).
16
Let p(h) = h**3 + 5*h**2 - 2*h - 4. Let z(u) = u**2 - 20*u + 24. Let n be z(19). Suppose -31 = n*y + 2*d, 0 = 4*y - 3*d - 6 + 17. Determine p(y).
6
Let p(q) be the third derivative of -q**6/60 + q**5/4 - q**4/4 + q**3/6 - 2*q**2 - 68. Calculate p(7).
8
Let i(q) be the second derivative of q**5/20 + 7*q**4/24 + q**3 + 177*q**2/2 - 132*q. Let r(g) be the first derivative of i(g). Calculate r(-4).
26
Let y(w) = 10 - 2014*w**2 + 1989*w**2 + w - 17 - 9 + w**3. Determine y(25).
9
Let f(x) = 26*x - 36. Let z be f(2). Let l(n) = 0*n + 6*n + n + 3*n + z - 10. Calculate l(-1).
-4
Let v = 95 - 53. Let r be 7/v*3 + 34/(-4). Let n(f) = f + 2. Determine n(r).
-6
Let q(c) = -c + 6. Let a = -239 - -269. Suppose -z + a = -4*w, -5 = w - z + 1. What is q(w)?
14
Let a(y) = -y**2 - 15*y + 22. Let f(t) = -2086*t - 6272. Let d be f(-3). What is a(d)?
36
Let o = 472 - 293. Suppose -25*n - 54 + o = 0. Let k(h) = 8*h - 3. Let b(x) = -x + 1. Let r(z) = 4*b(z) + k(z). Calculate r(n).
21
Let g(l) = l**3 - 3*l**2 + l - 2. Suppose 0 = 2*u - u - 2. Suppose 9*s - 8*s - u = 0. Suppose -h - y = -2, 0 = -3*h - s*y - 0*y + 7. Give g(h).
1
Let l(n) = 217*n + 59 - 3*n**2 - n**2 - 117*n + 5*n**2 - 115*n. Give l(7).
3
Let b(u) = -294*u - 50. Let l be b(-2). Let k = -543 + l. Let s(t) = 2*t**2 + 6*t - 3. Calculate s(k).
17
Let r(i) = 11*i + 118. Let o(u) = -22*u - 247. Let q(f) = 6*o(f) + 13*r(f). Calculate q(-5).
-3
Suppose -3*d - 4*p = -d + 10, -70 = 5*d + p. Let w be 6*1 + d + 14. Let i(q) = -2*q + 6. What is i(w)?
-4
Let w(g) = -1400*g + 122 - 1353*g + 2747*g. What is w(20)?
2
Let p(v) = 2*v + 15. Suppose 48*k = 159*k + 333. What is p(k)?
9
Suppose 0 = -5*l - 0*q - 2*q + 39, -2*q + 4 = 0. Let d(g) = -5 + 2*g + 9*g + 3*g + 9 - 15*g. Calculate d(l).
-3
Let d(y) = -y**3 - 12*y**2 - 10*y + 9. Let i(u) = -u**3 + 27*u**2 + 160*u - 11. Let f be i(32). Determine d(f).
-2
Let g(v) be the third derivative of v**6/120 - v**5/60 + v**4/8 - v**3/6 + 2825*v**2. Let c(m) = -m**3 + 2*m**2 + 3*m + 2. Let w be c(3). Determine g(w).
9
Let z(r) be the first derivative of r**3/3 + 7*r**2/2 + 6*r + 3. Let s(q) = q**2 + 16. Let u be s(-4). Let m be 4/(-32) + (-1)/(u/188). Give z(m).
0
Suppose 4 = q - 3*q + 5*z, -3*z = -6. Let p(b) = -3*b + 13. Let m(o) = o - 7. Let t(n) = q*p(n) + 5*m(n). Let h = -33 + 36. What is t(h)?
-8
Let m(v) be the first derivative of -v**4/4 + 2*v**3/3 + v**2 + 1. Let o(k) = k**3 - 73*k**2 + 5*k - 367. Let z be o(73). Calculate m(z).
12
Let k(c) = c**2 - 8*c + 7. Let n = 48 - 37. Let h = 16 - n. Suppose -36 + 6 = -h*f. Calculate k(f).
-5
Let o(a) = 10*a**2 + 26. Let y(v) = -17*v**2 - 4*v - 51. Let c(l) = 5*o(l) + 3*y(l). Give c(-12).
-23
Let h = 115 + -119. Let s be 10/(-25) + (h - 288/(-20)). Let t(m) = -m**3 + 9*m**2 + 11*m - 8. What is t(s)?
2
Let f = -2 - -2. Let a(y) = 5*y**2 + 51*y + 6. Let d(h) = -34*h**2 - 344*h - 40. Let j(p) = 27*a(p) + 4*d(p). Give j(f).
2
Let p(h) = 3*h**2 - 38*h + 15. Let l be p(12). Let q(g) = 2*g + 19. Let j be q(l). Let v(n) = 6*n - 1. Determine v(j).
5
Let i(u) = -277*u + 14425. Let z be i(52). Let q(v) = 2*v - 13. Determine q(z).
29
Let o(z) = 373*z + 351*z + 83 - 1051*z + 349*z. What is o(-5)?
-27
Let l be 4/(-3)*315/(-504). Let v(f) be the second derivative of 3*f**2 - 1/12*f**4 - l*f**3 + 0 + 16*f. Calculate v(-7).
-8
Suppose 0 = -3*y - 5*c + 9 - 0, -4 = -4*y - 4*c. Let d be y/(-8) - 78/24. Let r(g) = 3*g - 9. Let j(a) = 2*a - 8. Let